{"id":187,"date":"2023-07-09T18:11:04","date_gmt":"2023-07-09T16:11:04","guid":{"rendered":"https:\/\/madirokitamby.com\/?page_id=187"},"modified":"2025-12-07T08:49:28","modified_gmt":"2025-12-07T07:49:28","slug":"on-parle-de-nous","status":"publish","type":"page","link":"https:\/\/madirokitamby.com\/index.php\/on-parle-de-nous\/","title":{"rendered":"On parle de nous"},"content":{"rendered":"\n<p><\/p>\n\n\n\n<p><strong>. Sur la toile : <\/strong><\/p>\n\n\n\n<p><a href=\"https:\/\/www.routard.com\/hotel\/madiro_kitamby_madagascar_baie_du_courrier_1_27508.htm?hid=27508&amp;hcid=29283\">Guide du Routard<\/a><\/p>\n\n\n\n<p><a href=\"https:\/\/normada.com\/48-excursions-diego-suarez\/292-la-baie-du-courrier.html\">Normada<\/a><\/p>\n\n\n\n<p><a href=\"https:\/\/www.madacamp.com\/Madiro_Kitamby\">Madacamp<\/a><\/p>\n\n\n\n<figure class=\"wp-block-embed is-type-video is-provider-youtube wp-block-embed-youtube wp-embed-aspect-16-9 wp-has-aspect-ratio\"><div class=\"wp-block-embed__wrapper\">\n<iframe loading=\"lazy\" title=\"2 Jours sur un \u00celot \u00e9gar\u00e9 pour P\u00caCHER les GT MONSTRUEUSES de Madagascar\" width=\"1170\" height=\"658\" src=\"https:\/\/www.youtube.com\/embed\/LKJ26pvy7XE?feature=oembed\" frameborder=\"0\" allow=\"accelerometer; autoplay; clipboard-write; encrypted-media; gyroscope; picture-in-picture; web-share\" referrerpolicy=\"strict-origin-when-cross-origin\" allowfullscreen><\/iframe>\n<\/div><\/figure>\n\n\n\n<p><\/p>\n\n\n\n<p><strong>. Dans les magazines : <\/strong><\/p>\n\n\n\n<p><\/p>\n\n\n\n<figure class=\"wp-block-gallery has-nested-images columns-default is-cropped wp-block-gallery-1 is-layout-flex wp-block-gallery-is-layout-flex\">\n<figure class=\"wp-block-image size-large\"><img loading=\"lazy\" decoding=\"async\" width=\"960\" height=\"670\" data-id=\"196\" src=\"https:\/\/madirokitamby.com\/wp-content\/uploads\/2023\/07\/Magazine-5.jpg\" alt=\"Madiro Kitamby p\u00eache, dormir, manger, excursions, baie du Courrier, Diego Suarez, Madagascar\" class=\"wp-image-196\" srcset=\"https:\/\/madirokitamby.com\/wp-content\/uploads\/2023\/07\/Magazine-5.jpg 960w, https:\/\/madirokitamby.com\/wp-content\/uploads\/2023\/07\/Magazine-5-300x209.jpg 300w, https:\/\/madirokitamby.com\/wp-content\/uploads\/2023\/07\/Magazine-5-768x536.jpg 768w\" sizes=\"auto, (max-width: 960px) 100vw, 960px\" \/><\/figure>\n<\/figure>\n\n\n\n<figure class=\"wp-block-gallery has-nested-images columns-default is-cropped wp-block-gallery-2 is-layout-flex wp-block-gallery-is-layout-flex\">\n<figure class=\"wp-block-image size-full\"><img loading=\"lazy\" decoding=\"async\" width=\"960\" height=\"720\" data-id=\"204\" src=\"https:\/\/madirokitamby.com\/wp-content\/uploads\/2023\/07\/Magazine-4.jpg\" alt=\"Madiro Kitamby p\u00eache baie du Courrier, Diego Suarez, Madagascar\" class=\"wp-image-204\" srcset=\"https:\/\/madirokitamby.com\/wp-content\/uploads\/2023\/07\/Magazine-4.jpg 960w, https:\/\/madirokitamby.com\/wp-content\/uploads\/2023\/07\/Magazine-4-300x225.jpg 300w, https:\/\/madirokitamby.com\/wp-content\/uploads\/2023\/07\/Magazine-4-768x576.jpg 768w, https:\/\/madirokitamby.com\/wp-content\/uploads\/2023\/07\/Magazine-4-120x90.jpg 120w\" sizes=\"auto, (max-width: 960px) 100vw, 960px\" \/><\/figure>\n<\/figure>\n\n\n\n<figure class=\"wp-block-gallery has-nested-images columns-default is-cropped wp-block-gallery-3 is-layout-flex wp-block-gallery-is-layout-flex\">\n<figure class=\"wp-block-image size-large\"><img loading=\"lazy\" decoding=\"async\" width=\"960\" height=\"678\" data-id=\"199\" src=\"https:\/\/madirokitamby.com\/wp-content\/uploads\/2023\/07\/Magazine-2.jpg\" alt=\"Madiro Kitamby p\u00eache baie du Courrier, Diego Suarez, Madagascar\" class=\"wp-image-199\" srcset=\"https:\/\/madirokitamby.com\/wp-content\/uploads\/2023\/07\/Magazine-2.jpg 960w, https:\/\/madirokitamby.com\/wp-content\/uploads\/2023\/07\/Magazine-2-300x212.jpg 300w, https:\/\/madirokitamby.com\/wp-content\/uploads\/2023\/07\/Magazine-2-768x542.jpg 768w\" sizes=\"auto, (max-width: 960px) 100vw, 960px\" \/><\/figure>\n<\/figure>\n\n\n\n<figure class=\"wp-block-gallery has-nested-images columns-default is-cropped wp-block-gallery-4 is-layout-flex wp-block-gallery-is-layout-flex\">\n<figure class=\"wp-block-image size-large\"><img loading=\"lazy\" decoding=\"async\" width=\"679\" height=\"960\" data-id=\"200\" src=\"https:\/\/madirokitamby.com\/wp-content\/uploads\/2023\/07\/Magazine-3.jpg\" alt=\"Madiro Kitamby p\u00eache baie du Courrier, Diego Suarez, Madagascar\" class=\"wp-image-200\" srcset=\"https:\/\/madirokitamby.com\/wp-content\/uploads\/2023\/07\/Magazine-3.jpg 679w, https:\/\/madirokitamby.com\/wp-content\/uploads\/2023\/07\/Magazine-3-212x300.jpg 212w\" sizes=\"auto, (max-width: 679px) 100vw, 679px\" \/><\/figure>\n<\/figure>\n\n\n\n<figure class=\"wp-block-gallery has-nested-images columns-default is-cropped wp-block-gallery-5 is-layout-flex wp-block-gallery-is-layout-flex\">\n<figure class=\"wp-block-image size-large\"><img loading=\"lazy\" decoding=\"async\" width=\"960\" height=\"678\" data-id=\"201\" src=\"https:\/\/madirokitamby.com\/wp-content\/uploads\/2023\/07\/Magazine.jpg\" alt=\"Madiro Kitamby p\u00eache baie du Courrier, Diego Suarez, Madagascar\" class=\"wp-image-201\" srcset=\"https:\/\/madirokitamby.com\/wp-content\/uploads\/2023\/07\/Magazine.jpg 960w, https:\/\/madirokitamby.com\/wp-content\/uploads\/2023\/07\/Magazine-300x212.jpg 300w, https:\/\/madirokitamby.com\/wp-content\/uploads\/2023\/07\/Magazine-768x542.jpg 768w\" sizes=\"auto, (max-width: 960px) 100vw, 960px\" \/><\/figure>\n<\/figure>\n\n\n\n<figure class=\"wp-block-gallery has-nested-images columns-default is-cropped wp-block-gallery-6 is-layout-flex wp-block-gallery-is-layout-flex\">\n<figure class=\"wp-block-image size-large\"><img loading=\"lazy\" decoding=\"async\" width=\"960\" height=\"678\" data-id=\"202\" src=\"https:\/\/madirokitamby.com\/wp-content\/uploads\/2023\/07\/Magazine1.jpg\" alt=\"Madiro Kitamby p\u00eache baie du Courrier, Diego Suarez, Madagascar\" class=\"wp-image-202\" srcset=\"https:\/\/madirokitamby.com\/wp-content\/uploads\/2023\/07\/Magazine1.jpg 960w, https:\/\/madirokitamby.com\/wp-content\/uploads\/2023\/07\/Magazine1-300x212.jpg 300w, https:\/\/madirokitamby.com\/wp-content\/uploads\/2023\/07\/Magazine1-768x542.jpg 768w\" sizes=\"auto, (max-width: 960px) 100vw, 960px\" \/><\/figure>\n<\/figure>\n","protected":false},"excerpt":{"rendered":"<p>. Sur la toile : Guide du Routard Normada Madacamp . Dans les magazines :<\/p>\n","protected":false},"author":1,"featured_media":0,"parent":0,"menu_order":0,"comment_status":"closed","ping_status":"closed","template":"","meta":{"footnotes":""},"class_list":["post-187","page","type-page","status-publish","hentry"],"_links":{"self":[{"href":"https:\/\/madirokitamby.com\/index.php\/wp-json\/wp\/v2\/pages\/187","targetHints":{"allow":["GET"]}}],"collection":[{"href":"https:\/\/madirokitamby.com\/index.php\/wp-json\/wp\/v2\/pages"}],"about":[{"href":"https:\/\/madirokitamby.com\/index.php\/wp-json\/wp\/v2\/types\/page"}],"author":[{"embeddable":true,"href":"https:\/\/madirokitamby.com\/index.php\/wp-json\/wp\/v2\/users\/1"}],"replies":[{"embeddable":true,"href":"https:\/\/madirokitamby.com\/index.php\/wp-json\/wp\/v2\/comments?post=187"}],"version-history":[{"count":13,"href":"https:\/\/madirokitamby.com\/index.php\/wp-json\/wp\/v2\/pages\/187\/revisions"}],"predecessor-version":[{"id":274,"href":"https:\/\/madirokitamby.com\/index.php\/wp-json\/wp\/v2\/pages\/187\/revisions\/274"}],"wp:attachment":[{"href":"https:\/\/madirokitamby.com\/index.php\/wp-json\/wp\/v2\/media?parent=187"}],"curies":[{"name":"wp","href":"https:\/\/api.w.org\/{rel}","templated":true}]}}